{"id":326,"date":"2024-12-05T12:32:18","date_gmt":"2024-12-05T11:32:18","guid":{"rendered":"https:\/\/rheanov.com\/?page_id=326"},"modified":"2026-02-24T16:16:47","modified_gmt":"2026-02-24T15:16:47","slug":"mentions-legales","status":"publish","type":"page","link":"https:\/\/rheanov.com\/index.php\/mentions-legales\/","title":{"rendered":"Mentions l\u00e9gales"},"content":{"rendered":"\n<h1 class=\"wp-block-heading has-text-align-center has-ibm-plex-sans-font-family has-x-large-font-size\" style=\"font-style:normal;font-weight:700\">Mentions l\u00e9gales &#8211; RHEANOV<\/h1>\n\n\n\n<h2 class=\"wp-block-heading has-ibm-plex-sans-font-family\" style=\"font-size:clamp(17.905px, 1.119rem + ((1vw - 3.2px) * 1.147), 28px);\"><strong>1<\/strong>. <strong>Editeur du site<\/strong><\/h2>\n\n\n\n<p class=\"has-ibm-plex-sans-font-family\" style=\"font-size:clamp(14px, 0.875rem + ((1vw - 3.2px) * 0.455), 18px);\">Le site internet <strong><a href=\"http:\/\/www.rheanov.com\">www.rheanov.com<\/a><\/strong> est \u00e9dit\u00e9 par :<\/p>\n\n\n\n<p class=\"has-ibm-plex-sans-font-family\" style=\"font-size:clamp(14px, 0.875rem + ((1vw - 3.2px) * 0.455), 18px);\"><strong>RHEANOV<\/strong><br>Soci\u00e9t\u00e9 par Actions Simplifi\u00e9e Unipersonnelle (SASU)<br>Au capital social de 5 000 euros<br>Si\u00e8ge social : 3 rue Eug\u00e8ne Labiche, 75016 Paris<br>Immatricul\u00e9e au Registre du Commerce et des Soci\u00e9t\u00e9s de Paris<br>SIREN : 939 251 484<br>SIRET (si\u00e8ge) : 939 251 484 00019<br>Code APE : 7490B<\/p>\n\n\n\n<p>Pr\u00e9sident : Rodolphe Ameglio<br>Email : <a>contact@rheanov.com<\/a><br>T\u00e9l\u00e9phone : 06 14 49 12 22<\/p>\n\n\n\n<p class=\"has-ibm-plex-sans-font-family\" style=\"font-size:clamp(14px, 0.875rem + ((1vw - 3.2px) * 0.455), 18px);\">Directeur de la publication : Rodolphe Ameglio<\/p>\n\n\n\n<h2 class=\"wp-block-heading has-ibm-plex-sans-font-family\" style=\"font-size:clamp(17.905px, 1.119rem + ((1vw - 3.2px) * 1.147), 28px);font-style:normal;font-weight:700\">2. H\u00e9bergement<\/h2>\n\n\n\n<p class=\"has-ibm-plex-sans-font-family\" style=\"font-size:clamp(14px, 0.875rem + ((1vw - 3.2px) * 0.455), 18px);\">Le site est h\u00e9berg\u00e9 par :<\/p>\n\n\n\n<p class=\"has-ibm-plex-sans-font-family\">OVH SAS<br>Soci\u00e9t\u00e9 immatricul\u00e9e au RCS de Lille sous le num\u00e9ro 537 407 926<br>Si\u00e8ge social : 2 rue Kellermann, 59100 Roubaix \u2013 France<br>T\u00e9l\u00e9phone : 1007<br>Site : <a>www.ovhcloud.com<\/a><\/p>\n\n\n\n<h2 class=\"wp-block-heading has-ibm-plex-sans-font-family\" style=\"font-size:clamp(17.905px, 1.119rem + ((1vw - 3.2px) * 1.147), 28px);\"><strong>3<\/strong>. <strong>Propri\u00e9t\u00e9 intellectuelle<\/strong><\/h2>\n\n\n\n<h3 class=\"wp-block-heading has-ibm-plex-sans-font-family\" style=\"font-size:clamp(17.905px, 1.119rem + ((1vw - 3.2px) * 1.147), 28px);\"><strong>3.1<\/strong> <strong>Droit d&rsquo;auteur et droits associ\u00e9s<\/strong><\/h3>\n\n\n\n<p class=\"has-ibm-plex-sans-font-family\" style=\"font-size:clamp(14px, 0.875rem + ((1vw - 3.2px) * 0.455), 18px);\">Tous les contenus pr\u00e9sents sur ce site, y compris, sans limitation, les textes, images, photographies, logos, graphismes, ic\u00f4nes, vid\u00e9os, logiciels, bases de donn\u00e9es, ainsi que leur mise en forme, sont prot\u00e9g\u00e9s par le droit d&rsquo;auteur et les lois en vigueur sur la propri\u00e9t\u00e9 intellectuelle. Ces contenus sont la propri\u00e9t\u00e9 exclusive de RHEANOV, ou sont utilis\u00e9s avec l&rsquo;autorisation des titulaires des droits correspondants.<\/p>\n\n\n\n<p class=\"has-ibm-plex-sans-font-family\" style=\"font-size:clamp(14px, 0.875rem + ((1vw - 3.2px) * 0.455), 18px);\">Sauf mention contraire, toute reproduction, repr\u00e9sentation, modification, adaptation, distribution ou exploitation des contenus de ce site, en tout ou en partie, sous quelque forme que ce soit, est interdite sans l&rsquo;autorisation pr\u00e9alable et \u00e9crite de RHEANOV. Toute infraction \u00e0 cette r\u00e8gle pourra entra\u00eener des poursuites judiciaires.<\/p>\n\n\n\n<h3 class=\"wp-block-heading has-ibm-plex-sans-font-family\" style=\"font-size:clamp(17.905px, 1.119rem + ((1vw - 3.2px) * 1.147), 28px);\"><strong>3.2 Marque<\/strong><\/h3>\n\n\n\n<p class=\"has-ibm-plex-sans-font-family\" style=\"font-size:clamp(14px, 0.875rem + ((1vw - 3.2px) * 0.455), 18px);\">Le nom et le logo RHEANOV ainsi que tous les autres signes distinctifs (y compris les slogans, noms de produits, etc.) figurant sur ce site sont des marques d\u00e9pos\u00e9es. Toute utilisation ou reproduction de ces marques sans l&rsquo;accord \u00e9crit pr\u00e9alable de Rheanov est interdite et constitue une contrefa\u00e7on.<\/p>\n\n\n\n<h3 class=\"wp-block-heading has-ibm-plex-sans-font-family\" style=\"font-size:clamp(17.905px, 1.119rem + ((1vw - 3.2px) * 1.147), 28px);\"><strong>3.3 Bases de donn\u00e9es<\/strong><\/h3>\n\n\n\n<p class=\"has-ibm-plex-sans-font-family\" style=\"font-size:clamp(14px, 0.875rem + ((1vw - 3.2px) * 0.455), 18px);\">Le site www.rheanov.com contient des bases de donn\u00e9es qui sont prot\u00e9g\u00e9es par le droit des bases de donn\u00e9es. Toute extraction, r\u00e9utilisation, reproduction, diffusion ou mise \u00e0 disposition de tout ou partie de ces bases de donn\u00e9es, sous quelque forme que ce soit, est interdite sans l&rsquo;accord pr\u00e9alable et \u00e9crit de RHEANOV.<\/p>\n\n\n\n<h3 class=\"wp-block-heading has-ibm-plex-sans-font-family\" style=\"font-size:clamp(17.905px, 1.119rem + ((1vw - 3.2px) * 1.147), 28px);\"><strong>3.4 Liens hypertextes<\/strong><\/h3>\n\n\n\n<p class=\"has-ibm-plex-sans-font-family\" style=\"font-size:clamp(14px, 0.875rem + ((1vw - 3.2px) * 0.455), 18px);\">Des liens vers d&rsquo;autres sites internet peuvent \u00eatre pr\u00e9sents sur www.rheanov.com. Cependant, RHEANOV n&rsquo;exerce aucun contr\u00f4le sur le contenu de ces sites et d\u00e9cline toute responsabilit\u00e9 quant \u00e0 leur contenu. Les utilisateurs acc\u00e8dent \u00e0 ces sites sous leur propre responsabilit\u00e9.<\/p>\n\n\n\n<h3 class=\"wp-block-heading has-ibm-plex-sans-font-family\" style=\"font-size:clamp(17.905px, 1.119rem + ((1vw - 3.2px) * 1.147), 28px);\"><strong>3.5 Utilisation des contenus<\/strong><\/h3>\n\n\n\n<p class=\"has-ibm-plex-sans-font-family\" style=\"font-size:clamp(14px, 0.875rem + ((1vw - 3.2px) * 0.455), 18px);\">L&rsquo;acc\u00e8s au site et son utilisation sont limit\u00e9s \u00e0 un usage personnel et non commercial. Toute exploitation des contenus \u00e0 des fins commerciales, sans l&rsquo;accord pr\u00e9alable \u00e9crit de RHEANOV, est strictement interdite. Cela inclut la reproduction, la diffusion ou la mise \u00e0 disposition des contenus du site \u00e0 des fins de publicit\u00e9 ou de promotion commerciale.<\/p>\n\n\n\n<h3 class=\"wp-block-heading has-ibm-plex-sans-font-family\" style=\"font-size:clamp(17.905px, 1.119rem + ((1vw - 3.2px) * 1.147), 28px);\"><strong>3.6 Propri\u00e9t\u00e9 des outils et services<\/strong><\/h3>\n\n\n\n<p class=\"has-ibm-plex-sans-font-family\" style=\"font-size:clamp(14px, 0.875rem + ((1vw - 3.2px) * 0.455), 18px);\">Tous les outils interactifs, calculateurs de devis, simulations et autres services propos\u00e9s sur ce site sont la propri\u00e9t\u00e9 de RHEANOV. Leur utilisation est soumise aux conditions sp\u00e9cifiques d&rsquo;utilisation, et toute reproduction ou diffusion sans autorisation pr\u00e9alable est interdite.<\/p>\n\n\n\n<h3 class=\"wp-block-heading has-ibm-plex-sans-font-family\" style=\"font-size:clamp(17.905px, 1.119rem + ((1vw - 3.2px) * 1.147), 28px);\"><strong>3.7 Protection des donn\u00e9es personnelles<\/strong><\/h3>\n\n\n\n<p class=\"has-ibm-plex-sans-font-family\" style=\"font-size:clamp(14px, 0.875rem + ((1vw - 3.2px) * 0.455), 18px);\">Les informations collect\u00e9es sur ce site sont soumises \u00e0 la politique de confidentialit\u00e9 de RHEANOV. Pour plus d&rsquo;informations sur la mani\u00e8re dont vos donn\u00e9es personnelles sont trait\u00e9es, veuillez consulter <a data-type=\"page\" data-id=\"678\" href=\"https:\/\/rheanov.com\/index.php\/politique-de-confidentialite\/\">notre politique de confidentialit\u00e9<\/a>.<\/p>\n\n\n\n<h2 class=\"wp-block-heading has-ibm-plex-sans-font-family\" style=\"font-size:clamp(17.905px, 1.119rem + ((1vw - 3.2px) * 1.147), 28px);\"><strong>4. Responsabilit\u00e9s<\/strong><\/h2>\n\n\n\n<p>RHEANOV s\u2019efforce d\u2019assurer l\u2019exactitude des informations diffus\u00e9es sur le site.<br>Toutefois, la soci\u00e9t\u00e9 ne saurait \u00eatre tenue responsable des omissions, inexactitudes ou carences dans la mise \u00e0 jour.<\/p>\n\n\n\n<p>L\u2019utilisateur est seul responsable de l\u2019usage qu\u2019il fait des informations fournies.<\/p>\n\n\n\n<h2 class=\"wp-block-heading has-ibm-plex-sans-font-family\" style=\"font-size:clamp(17.905px, 1.119rem + ((1vw - 3.2px) * 1.147), 28px);font-style:normal;font-weight:700\">5. Donn\u00e9es personnelles<\/h2>\n\n\n\n<p class=\"has-ibm-plex-sans-font-family\">Les donn\u00e9es personnelles collect\u00e9es via le site font l\u2019objet d\u2019un traitement conforme au R\u00e8glement G\u00e9n\u00e9ral sur la Protection des Donn\u00e9es (RGPD).<br>Pour plus d\u2019informations concernant la collecte et le traitement de vos donn\u00e9es, veuillez consulter notre page <strong>Politique de confidentialit\u00e9<\/strong>.<\/p>\n\n\n\n<h2 class=\"wp-block-heading has-ibm-plex-sans-font-family\" style=\"font-size:clamp(17.905px, 1.119rem + ((1vw - 3.2px) * 1.147), 28px);font-style:normal;font-weight:700\">6. Droit applicable<\/h2>\n\n\n\n<p class=\"has-ibm-plex-sans-font-family\" style=\"font-size:clamp(14px, 0.875rem + ((1vw - 3.2px) * 0.455), 18px);\">Le pr\u00e9sent site est soumis au droit fran\u00e7ais.<br>En cas de litige, les tribunaux comp\u00e9tents seront ceux du ressort du si\u00e8ge social de RHEANOV.<\/p>\n","protected":false},"excerpt":{"rendered":"<p>Mentions l\u00e9gales &#8211; RHEANOV 1. Editeur du site Le site internet www.rheanov.com est \u00e9dit\u00e9 par : RHEANOVSoci\u00e9t\u00e9 par Actions Simplifi\u00e9e Unipersonnelle (SASU)Au capital social de 5 000 eurosSi\u00e8ge social : 3 rue Eug\u00e8ne Labiche, 75016 ParisImmatricul\u00e9e au Registre du Commerce et des Soci\u00e9t\u00e9s de ParisSIREN : 939 251 484SIRET (si\u00e8ge) : 939 251 484 00019Code [&hellip;]<\/p>\n","protected":false},"author":1,"featured_media":0,"parent":0,"menu_order":0,"comment_status":"closed","ping_status":"closed","template":"","meta":{"footnotes":""},"class_list":["post-326","page","type-page","status-publish","hentry"],"yoast_head":"<!-- This site is optimized with the Yoast SEO plugin v26.9 - https:\/\/yoast.com\/product\/yoast-seo-wordpress\/ -->\n<title>Mentions l\u00e9gales - Rheanov<\/title>\n<meta name=\"robots\" content=\"index, follow, max-snippet:-1, max-image-preview:large, max-video-preview:-1\" \/>\n<link rel=\"canonical\" href=\"https:\/\/rheanov.com\/index.php\/mentions-legales\/\" \/>\n<meta property=\"og:locale\" content=\"fr_FR\" \/>\n<meta property=\"og:type\" content=\"article\" \/>\n<meta property=\"og:title\" content=\"Mentions l\u00e9gales - Rheanov\" \/>\n<meta property=\"og:description\" content=\"Mentions l\u00e9gales &#8211; RHEANOV 1. Editeur du site Le site internet www.rheanov.com est \u00e9dit\u00e9 par : RHEANOVSoci\u00e9t\u00e9 par Actions Simplifi\u00e9e Unipersonnelle (SASU)Au capital social de 5 000 eurosSi\u00e8ge social : 3 rue Eug\u00e8ne Labiche, 75016 ParisImmatricul\u00e9e au Registre du Commerce et des Soci\u00e9t\u00e9s de ParisSIREN : 939 251 484SIRET (si\u00e8ge) : 939 251 484 00019Code [&hellip;]\" \/>\n<meta property=\"og:url\" content=\"https:\/\/rheanov.com\/index.php\/mentions-legales\/\" \/>\n<meta property=\"og:site_name\" content=\"Rheanov\" \/>\n<meta property=\"article:publisher\" content=\"https:\/\/www.instagram.com\/rheanov_courtier_en_travaux\/\" \/>\n<meta property=\"article:modified_time\" content=\"2026-02-24T15:16:47+00:00\" \/>\n<meta property=\"og:image\" content=\"https:\/\/rheanov.com\/wp-content\/uploads\/2025\/01\/cropped-RHEANOV-Logo-carre-sans-inscription.png\" \/>\n\t<meta property=\"og:image:width\" content=\"512\" \/>\n\t<meta property=\"og:image:height\" content=\"512\" \/>\n\t<meta property=\"og:image:type\" content=\"image\/png\" \/>\n<meta name=\"twitter:card\" content=\"summary_large_image\" \/>\n<meta name=\"twitter:label1\" content=\"Dur\u00e9e de lecture estim\u00e9e\" \/>\n\t<meta name=\"twitter:data1\" content=\"4 minutes\" \/>\n<script type=\"application\/ld+json\" class=\"yoast-schema-graph\">{\"@context\":\"https:\/\/schema.org\",\"@graph\":[{\"@type\":\"WebPage\",\"@id\":\"https:\/\/rheanov.com\/index.php\/mentions-legales\/\",\"url\":\"https:\/\/rheanov.com\/index.php\/mentions-legales\/\",\"name\":\"Mentions l\u00e9gales - Rheanov\",\"isPartOf\":{\"@id\":\"https:\/\/rheanov.com\/#website\"},\"datePublished\":\"2024-12-05T11:32:18+00:00\",\"dateModified\":\"2026-02-24T15:16:47+00:00\",\"breadcrumb\":{\"@id\":\"https:\/\/rheanov.com\/index.php\/mentions-legales\/#breadcrumb\"},\"inLanguage\":\"fr-FR\",\"potentialAction\":[{\"@type\":\"ReadAction\",\"target\":[\"https:\/\/rheanov.com\/index.php\/mentions-legales\/\"]}]},{\"@type\":\"BreadcrumbList\",\"@id\":\"https:\/\/rheanov.com\/index.php\/mentions-legales\/#breadcrumb\",\"itemListElement\":[{\"@type\":\"ListItem\",\"position\":1,\"name\":\"Accueil\",\"item\":\"https:\/\/rheanov.com\/\"},{\"@type\":\"ListItem\",\"position\":2,\"name\":\"Mentions l\u00e9gales\"}]},{\"@type\":\"WebSite\",\"@id\":\"https:\/\/rheanov.com\/#website\",\"url\":\"https:\/\/rheanov.com\/\",\"name\":\"Rheanov\",\"description\":\"\",\"publisher\":{\"@id\":\"https:\/\/rheanov.com\/#organization\"},\"potentialAction\":[{\"@type\":\"SearchAction\",\"target\":{\"@type\":\"EntryPoint\",\"urlTemplate\":\"https:\/\/rheanov.com\/?s={search_term_string}\"},\"query-input\":{\"@type\":\"PropertyValueSpecification\",\"valueRequired\":true,\"valueName\":\"search_term_string\"}}],\"inLanguage\":\"fr-FR\"},{\"@type\":\"Organization\",\"@id\":\"https:\/\/rheanov.com\/#organization\",\"name\":\"Rheanov\",\"url\":\"https:\/\/rheanov.com\/\",\"logo\":{\"@type\":\"ImageObject\",\"inLanguage\":\"fr-FR\",\"@id\":\"https:\/\/rheanov.com\/#\/schema\/logo\/image\/\",\"url\":\"https:\/\/rheanov.com\/wp-content\/uploads\/2025\/01\/cropped-RHEANOV-Logo-carre-sans-inscription.png\",\"contentUrl\":\"https:\/\/rheanov.com\/wp-content\/uploads\/2025\/01\/cropped-RHEANOV-Logo-carre-sans-inscription.png\",\"width\":512,\"height\":512,\"caption\":\"Rheanov\"},\"image\":{\"@id\":\"https:\/\/rheanov.com\/#\/schema\/logo\/image\/\"},\"sameAs\":[\"https:\/\/www.instagram.com\/rheanov_courtier_en_travaux\/\"]}]}<\/script>\n<!-- \/ Yoast SEO plugin. -->","yoast_head_json":{"title":"Mentions l\u00e9gales - Rheanov","robots":{"index":"index","follow":"follow","max-snippet":"max-snippet:-1","max-image-preview":"max-image-preview:large","max-video-preview":"max-video-preview:-1"},"canonical":"https:\/\/rheanov.com\/index.php\/mentions-legales\/","og_locale":"fr_FR","og_type":"article","og_title":"Mentions l\u00e9gales - Rheanov","og_description":"Mentions l\u00e9gales &#8211; RHEANOV 1. Editeur du site Le site internet www.rheanov.com est \u00e9dit\u00e9 par : RHEANOVSoci\u00e9t\u00e9 par Actions Simplifi\u00e9e Unipersonnelle (SASU)Au capital social de 5 000 eurosSi\u00e8ge social : 3 rue Eug\u00e8ne Labiche, 75016 ParisImmatricul\u00e9e au Registre du Commerce et des Soci\u00e9t\u00e9s de ParisSIREN : 939 251 484SIRET (si\u00e8ge) : 939 251 484 00019Code [&hellip;]","og_url":"https:\/\/rheanov.com\/index.php\/mentions-legales\/","og_site_name":"Rheanov","article_publisher":"https:\/\/www.instagram.com\/rheanov_courtier_en_travaux\/","article_modified_time":"2026-02-24T15:16:47+00:00","og_image":[{"width":512,"height":512,"url":"https:\/\/rheanov.com\/wp-content\/uploads\/2025\/01\/cropped-RHEANOV-Logo-carre-sans-inscription.png","type":"image\/png"}],"twitter_card":"summary_large_image","twitter_misc":{"Dur\u00e9e de lecture estim\u00e9e":"4 minutes"},"schema":{"@context":"https:\/\/schema.org","@graph":[{"@type":"WebPage","@id":"https:\/\/rheanov.com\/index.php\/mentions-legales\/","url":"https:\/\/rheanov.com\/index.php\/mentions-legales\/","name":"Mentions l\u00e9gales - Rheanov","isPartOf":{"@id":"https:\/\/rheanov.com\/#website"},"datePublished":"2024-12-05T11:32:18+00:00","dateModified":"2026-02-24T15:16:47+00:00","breadcrumb":{"@id":"https:\/\/rheanov.com\/index.php\/mentions-legales\/#breadcrumb"},"inLanguage":"fr-FR","potentialAction":[{"@type":"ReadAction","target":["https:\/\/rheanov.com\/index.php\/mentions-legales\/"]}]},{"@type":"BreadcrumbList","@id":"https:\/\/rheanov.com\/index.php\/mentions-legales\/#breadcrumb","itemListElement":[{"@type":"ListItem","position":1,"name":"Accueil","item":"https:\/\/rheanov.com\/"},{"@type":"ListItem","position":2,"name":"Mentions l\u00e9gales"}]},{"@type":"WebSite","@id":"https:\/\/rheanov.com\/#website","url":"https:\/\/rheanov.com\/","name":"Rheanov","description":"","publisher":{"@id":"https:\/\/rheanov.com\/#organization"},"potentialAction":[{"@type":"SearchAction","target":{"@type":"EntryPoint","urlTemplate":"https:\/\/rheanov.com\/?s={search_term_string}"},"query-input":{"@type":"PropertyValueSpecification","valueRequired":true,"valueName":"search_term_string"}}],"inLanguage":"fr-FR"},{"@type":"Organization","@id":"https:\/\/rheanov.com\/#organization","name":"Rheanov","url":"https:\/\/rheanov.com\/","logo":{"@type":"ImageObject","inLanguage":"fr-FR","@id":"https:\/\/rheanov.com\/#\/schema\/logo\/image\/","url":"https:\/\/rheanov.com\/wp-content\/uploads\/2025\/01\/cropped-RHEANOV-Logo-carre-sans-inscription.png","contentUrl":"https:\/\/rheanov.com\/wp-content\/uploads\/2025\/01\/cropped-RHEANOV-Logo-carre-sans-inscription.png","width":512,"height":512,"caption":"Rheanov"},"image":{"@id":"https:\/\/rheanov.com\/#\/schema\/logo\/image\/"},"sameAs":["https:\/\/www.instagram.com\/rheanov_courtier_en_travaux\/"]}]}},"_links":{"self":[{"href":"https:\/\/rheanov.com\/index.php\/wp-json\/wp\/v2\/pages\/326","targetHints":{"allow":["GET"]}}],"collection":[{"href":"https:\/\/rheanov.com\/index.php\/wp-json\/wp\/v2\/pages"}],"about":[{"href":"https:\/\/rheanov.com\/index.php\/wp-json\/wp\/v2\/types\/page"}],"author":[{"embeddable":true,"href":"https:\/\/rheanov.com\/index.php\/wp-json\/wp\/v2\/users\/1"}],"replies":[{"embeddable":true,"href":"https:\/\/rheanov.com\/index.php\/wp-json\/wp\/v2\/comments?post=326"}],"version-history":[{"count":9,"href":"https:\/\/rheanov.com\/index.php\/wp-json\/wp\/v2\/pages\/326\/revisions"}],"predecessor-version":[{"id":1013,"href":"https:\/\/rheanov.com\/index.php\/wp-json\/wp\/v2\/pages\/326\/revisions\/1013"}],"wp:attachment":[{"href":"https:\/\/rheanov.com\/index.php\/wp-json\/wp\/v2\/media?parent=326"}],"curies":[{"name":"wp","href":"https:\/\/api.w.org\/{rel}","templated":true}]}}